{"id":5911,"date":"2021-07-02T08:16:39","date_gmt":"2021-07-02T06:16:39","guid":{"rendered":"http:\/\/agoudjian.fr\/?page_id=5911"},"modified":"2022-05-19T15:29:59","modified_gmt":"2022-05-19T13:29:59","slug":"biographie","status":"publish","type":"page","link":"https:\/\/agoudjian.fr\/index.php\/biographie\/","title":{"rendered":"Biographie"},"content":{"rendered":"<div class=\"standard_wrapper\">\n<div  class=\"one\" style=\"padding:50px 0 50px 0;\" >\n<div class=\"page_content_wrapper\">\n<div class=\"inner\">\n<div class=\"image_classic_frame expand\">\n<div class=\"image_wrapper\"><img decoding=\"async\" src=\"http:\/\/agoudjian.fr\/wp-content\/uploads\/2021\/07\/antoine-agoudjina-230x300-1.jpeg\" alt=\"\" class=\"preview\"\/><\/div>\n<\/div>\n<\/div>\n<\/div>\n<\/div>\n<\/div>\n<div  class=\"one withsmallpadding ppb_text\" style=\"font-size: 19px;padding:0px;\" >\n<h4 class=\"p1\" style=\"text-align: center;\">Antoine Agoudjian<\/h4>\n<\/div>\n<div  class=\"one withsmallpadding ppb_text\" style=\"font-size: 17px;padding:0px;\" >\n<p class=\"p1\" style=\"text-align: center;\">N\u00e9 en 1961, il se consacre depuis plus de 30 ans \u00e0 la photographie. Ancien membre de l\u2019agence Rapho, ses rencontres d\u00e9cisives, notamment avec Robert Doisneau et Robert Delpire, inscrivent son travail dans le courant de la photographie humaniste. Son \u0153uvre en noir et blanc est d\u00e9di\u00e9e \u00e0 la m\u00e9moire de l\u2019histoire du peuple arm\u00e9nien.<\/p>\n<p class=\"p1\" style=\"text-align: center;\">Couvrant les lieux historiques de son h\u00e9ritage m\u00e9moriel, Antoine Agoudjian construit une oeuvre originale ou l\u2019Histoire, sa trace et son \u00e9cho brisent le silence impos\u00e9. Depuis 2015, l\u2019introduction de la couleur dans son travail, avec la couverture des guerres en Irak, en Syrie et en Artsakh (Haut-Karabagh), t\u00e9moigne d\u2019une nouvelle \u00e9tape dans son \u0153uvre. Il cr\u00e9e ainsi une symbiose entre la m\u00e9moire du pass\u00e9 \u00e0 l\u2019histoire pr\u00e9sente. Il est le laur\u00e9at du prix public en 2017, pour son travail sur la guerre de Mossoul au festival des correspondants de guerre de Bayeux Calvados et en 2021, il re\u00e7oit le premier prix du Visa d\u2019Or CICR pour son travail r\u00e9alis\u00e9 dans le Haut-Karabagh.<\/p>\n<\/div>\n<div  class=\"one\" style=\"padding:0px 0 0px 0;\" >\n<div class=\"slider_wrapper\" data-autoplay=\"1\" data-timer=\"5\">\n<div class=\"flexslider tg_gallery fullwidth\" data-height=\"750\">\n<ul class=\"slides\">\n<li><img decoding=\"async\" src=\"http:\/\/agoudjian.fr\/wp-content\/uploads\/2015\/07\/006-Lalliance-AntoineAgoudjian.jpg\" alt=\"\"\/><\/li>\n<li><img decoding=\"async\" src=\"http:\/\/agoudjian.fr\/wp-content\/uploads\/2015\/07\/007-Apparatchiks-AntoineAgoudjian.jpg\" alt=\"\"\/><\/li>\n<li><img decoding=\"async\" src=\"http:\/\/agoudjian.fr\/wp-content\/uploads\/2015\/07\/018-Larene-AntoineAgoudjian.jpg\" alt=\"\"\/><\/li>\n<li><img decoding=\"async\" src=\"http:\/\/agoudjian.fr\/wp-content\/uploads\/2015\/07\/019-La_Coix_Des_Ombres-AntoineAgoudjian.jpg\" alt=\"\"\/><\/li>\n<li><img decoding=\"async\" src=\"http:\/\/agoudjian.fr\/wp-content\/uploads\/2015\/07\/038-Pandora_Box-AntoineAgoudjian.jpg\" alt=\"\"\/><\/li>\n<li><img decoding=\"async\" src=\"http:\/\/agoudjian.fr\/wp-content\/uploads\/2015\/07\/048-Duel-AntoineAgoudjian.jpg\" alt=\"\"\/><\/li>\n<li><img decoding=\"async\" src=\"http:\/\/agoudjian.fr\/wp-content\/uploads\/2015\/07\/049-Frontiere_Ardente-AntoineAgoudjian.jpg\" alt=\"\"\/><\/li>\n<li><img decoding=\"async\" src=\"http:\/\/agoudjian.fr\/wp-content\/uploads\/2015\/07\/052-La_Pieta-AntoineAgoudjian.jpg\" alt=\"\"\/><\/li>\n<li><img decoding=\"async\" src=\"http:\/\/agoudjian.fr\/wp-content\/uploads\/2015\/07\/067-Les_Aines_De_La_Sagesse-AntoineAgoudjian.jpg\" alt=\"\"\/><\/li>\n<li><img decoding=\"async\" src=\"http:\/\/agoudjian.fr\/wp-content\/uploads\/2015\/07\/075-La_Dechirure-AntoineAgoudjian.jpg\" alt=\"\"\/><\/li>\n<li><img decoding=\"async\" src=\"http:\/\/agoudjian.fr\/wp-content\/uploads\/2015\/07\/105-Leveil-AntoineAgoudjian.jpg\" alt=\"\"\/><\/li>\n<\/ul>\n<\/div>\n<\/div>\n<\/div>\n","protected":false},"excerpt":{"rendered":"","protected":false},"author":1,"featured_media":0,"parent":0,"menu_order":0,"comment_status":"closed","ping_status":"closed","template":"","meta":{"footnotes":""},"class_list":["post-5911","page","type-page","status-publish","hentry"],"_links":{"self":[{"href":"https:\/\/agoudjian.fr\/index.php\/wp-json\/wp\/v2\/pages\/5911","targetHints":{"allow":["GET"]}}],"collection":[{"href":"https:\/\/agoudjian.fr\/index.php\/wp-json\/wp\/v2\/pages"}],"about":[{"href":"https:\/\/agoudjian.fr\/index.php\/wp-json\/wp\/v2\/types\/page"}],"author":[{"embeddable":true,"href":"https:\/\/agoudjian.fr\/index.php\/wp-json\/wp\/v2\/users\/1"}],"replies":[{"embeddable":true,"href":"https:\/\/agoudjian.fr\/index.php\/wp-json\/wp\/v2\/comments?post=5911"}],"version-history":[{"count":59,"href":"https:\/\/agoudjian.fr\/index.php\/wp-json\/wp\/v2\/pages\/5911\/revisions"}],"predecessor-version":[{"id":6505,"href":"https:\/\/agoudjian.fr\/index.php\/wp-json\/wp\/v2\/pages\/5911\/revisions\/6505"}],"wp:attachment":[{"href":"https:\/\/agoudjian.fr\/index.php\/wp-json\/wp\/v2\/media?parent=5911"}],"curies":[{"name":"wp","href":"https:\/\/api.w.org\/{rel}","templated":true}]}}

<div class="standard_wrapper">
<div  class="one" style="padding:50px 0 50px 0;" >
<div class="page_content_wrapper">
<div class="inner">
<div class="image_classic_frame expand">
<div class="image_wrapper"><img decoding="async" src="http://agoudjian.fr/wp-content/uploads/2021/07/antoine-agoudjina-230x300-1.jpeg" alt="" class="preview"/></div>
</div>
</div>
</div>
</div>
</div>
<div  class="one withsmallpadding ppb_text" style="font-size: 19px;padding:0px;" >
<h4 class="p1" style="text-align: center;">Antoine Agoudjian</h4>
</div>
<div  class="one withsmallpadding ppb_text" style="font-size: 17px;padding:0px;" >
<p class="p1" style="text-align: center;">Né en 1961, il se consacre depuis plus de 30 ans à la photographie. Ancien membre de l’agence Rapho, ses rencontres décisives, notamment avec Robert Doisneau et Robert Delpire, inscrivent son travail dans le courant de la photographie humaniste. Son œuvre en noir et blanc est dédiée à la mémoire de l’histoire du peuple arménien.</p>
<p class="p1" style="text-align: center;">Couvrant les lieux historiques de son héritage mémoriel, Antoine Agoudjian construit une oeuvre originale ou l’Histoire, sa trace et son écho brisent le silence imposé. Depuis 2015, l’introduction de la couleur dans son travail, avec la couverture des guerres en Irak, en Syrie et en Artsakh (Haut-Karabagh), témoigne d’une nouvelle étape dans son œuvre. Il crée ainsi une symbiose entre la mémoire du passé à l’histoire présente. Il est le lauréat du prix public en 2017, pour son travail sur la guerre de Mossoul au festival des correspondants de guerre de Bayeux Calvados et en 2021, il reçoit le premier prix du Visa d’Or CICR pour son travail réalisé dans le Haut-Karabagh.</p>
</div>
<div  class="one" style="padding:0px 0 0px 0;" >
<div class="slider_wrapper" data-autoplay="1" data-timer="5">
<div class="flexslider tg_gallery fullwidth" data-height="750">
<ul class="slides">
<li><img decoding="async" src="http://agoudjian.fr/wp-content/uploads/2015/07/006-Lalliance-AntoineAgoudjian.jpg" alt=""/></li>
<li><img decoding="async" src="http://agoudjian.fr/wp-content/uploads/2015/07/007-Apparatchiks-AntoineAgoudjian.jpg" alt=""/></li>
<li><img decoding="async" src="http://agoudjian.fr/wp-content/uploads/2015/07/018-Larene-AntoineAgoudjian.jpg" alt=""/></li>
<li><img decoding="async" src="http://agoudjian.fr/wp-content/uploads/2015/07/019-La_Coix_Des_Ombres-AntoineAgoudjian.jpg" alt=""/></li>
<li><img decoding="async" src="http://agoudjian.fr/wp-content/uploads/2015/07/038-Pandora_Box-AntoineAgoudjian.jpg" alt=""/></li>
<li><img decoding="async" src="http://agoudjian.fr/wp-content/uploads/2015/07/048-Duel-AntoineAgoudjian.jpg" alt=""/></li>
<li><img decoding="async" src="http://agoudjian.fr/wp-content/uploads/2015/07/049-Frontiere_Ardente-AntoineAgoudjian.jpg" alt=""/></li>
<li><img decoding="async" src="http://agoudjian.fr/wp-content/uploads/2015/07/052-La_Pieta-AntoineAgoudjian.jpg" alt=""/></li>
<li><img decoding="async" src="http://agoudjian.fr/wp-content/uploads/2015/07/067-Les_Aines_De_La_Sagesse-AntoineAgoudjian.jpg" alt=""/></li>
<li><img decoding="async" src="http://agoudjian.fr/wp-content/uploads/2015/07/075-La_Dechirure-AntoineAgoudjian.jpg" alt=""/></li>
<li><img decoding="async" src="http://agoudjian.fr/wp-content/uploads/2015/07/105-Leveil-AntoineAgoudjian.jpg" alt=""/></li>
</ul>
</div>
</div>
</div>
